{"id":7791,"date":"2021-11-26T13:35:15","date_gmt":"2021-11-26T13:35:15","guid":{"rendered":"https:\/\/caseificioleuci.it\/?page_id=7791"},"modified":"2021-11-27T14:03:07","modified_gmt":"2021-11-27T14:03:07","slug":"info-spedizioni","status":"publish","type":"page","link":"https:\/\/caseificioleuci.it\/index.php\/info-spedizioni\/","title":{"rendered":"INFO SPEDIZIONI"},"content":{"rendered":"\n<div class=\"wp-block-group\"><div class=\"wp-block-group__inner-container is-layout-flow wp-block-group-is-layout-flow\">\n<p>INFO TEL: <strong>0823469400<\/strong><br>Il caseificio Leuci evader\u00e0 gli ordini pervenuti secondo il seguente schema:<\/p>\n\n\n\n<h2 class=\"wp-block-heading\">Gli Ordini effettuati DAL LUNED\u00cc AL GIOVED\u00cc ENTRO LE ORE 15:00 verranno lavorati e spediti il giorno stesso e consegnati entro le 24\/48h<\/h2>\n\n\n\n<h2 class=\"wp-block-heading\">Gli Ordini effettuati dalle ore 15:00 del gioved\u00ec\/venerd\u00ec\/sabato\/domenica verranno lavorati e spediti il luned\u00ec e consegnati entro le 24\/48h<\/h2>\n<\/div><\/div>\n\n\n\n<p><\/p>\n","protected":false},"excerpt":{"rendered":"<p>INFO TEL: 0823469400Il caseificio Leuci evader\u00e0 gli ordini pervenuti secondo il seguente schema: Gli Ordini effettuati DAL LUNED\u00cc AL GIOVED\u00cc ENTRO LE ORE 15:00 verranno lavorati e spediti il giorno stesso e consegnati entro le 24\/48h Gli Ordini effettuati dalle ore 15:00 del gioved\u00ec\/venerd\u00ec\/sabato\/domenica verranno lavorati e spediti il luned\u00ec e consegnati entro le 24\/48h<\/p>\n","protected":false},"author":1,"featured_media":0,"parent":0,"menu_order":0,"comment_status":"closed","ping_status":"closed","template":"","meta":{"_editorskit_title_hidden":false,"_editorskit_reading_time":1,"_editorskit_is_block_options_detached":false,"_editorskit_block_options_position":"{}","footnotes":""},"class_list":["post-7791","page","type-page","status-publish","hentry"],"jetpack_sharing_enabled":true,"_links":{"self":[{"href":"https:\/\/caseificioleuci.it\/index.php\/wp-json\/wp\/v2\/pages\/7791","targetHints":{"allow":["GET"]}}],"collection":[{"href":"https:\/\/caseificioleuci.it\/index.php\/wp-json\/wp\/v2\/pages"}],"about":[{"href":"https:\/\/caseificioleuci.it\/index.php\/wp-json\/wp\/v2\/types\/page"}],"author":[{"embeddable":true,"href":"https:\/\/caseificioleuci.it\/index.php\/wp-json\/wp\/v2\/users\/1"}],"replies":[{"embeddable":true,"href":"https:\/\/caseificioleuci.it\/index.php\/wp-json\/wp\/v2\/comments?post=7791"}],"version-history":[{"count":2,"href":"https:\/\/caseificioleuci.it\/index.php\/wp-json\/wp\/v2\/pages\/7791\/revisions"}],"predecessor-version":[{"id":7796,"href":"https:\/\/caseificioleuci.it\/index.php\/wp-json\/wp\/v2\/pages\/7791\/revisions\/7796"}],"wp:attachment":[{"href":"https:\/\/caseificioleuci.it\/index.php\/wp-json\/wp\/v2\/media?parent=7791"}],"curies":[{"name":"wp","href":"https:\/\/api.w.org\/{rel}","templated":true}]}}